ctor of q and 767?
13
Suppose -150 = -4*x - 2*k, -3*x = -4*k - 6 - 79. Let i be (45/(-18))/((-125)/(-126) + -1). What is the greatest common factor of x and i?
35
Let c(b) = 3*b**3 - 2*b**2 + b - 4. Let d be c(2). Suppose -224 = -d*t + 7*t. Calculate the greatest common divisor of 224 and t.
32
Suppose 0 = -4*n + v + 15, 13*v = 5*n + 14*v - 30. Suppose n*z - 36 = 4. What is the highest common divisor of 68 and z?
4
Suppose -5*z - 3*i + 13 = -4*i, 3*i = -9. Suppose -3*t = 2*t - 2*w + 145, -29 = z*t + 5*w. Let l = 36 + t. What is the highest common divisor of l and 6?
3
Let x(w) = -333*w + 2366. Let k be x(7). What is the greatest common divisor of k and 335?
5
Let g be -1*10 - (28 + -23). Let w be ((-2)/12)/(g/(-45))*-40. What is the greatest common divisor of 70 and w?
10
Let r = 7 + 17. Let f be 7 + (11/9 - r/108). Suppose f*c = 5*c + 42. What is the highest common divisor of c and 224?
14
Suppose -2*h - 9 - 1 = -v, 0 = -2*h - 4*v - 20. Let x be (-18)/(-8) + -2*h/(-48). Suppose -4*a + 51 + 21 = 0. What is the greatest common divisor of x and a?
2
Let d(p) = 10*p**2 - 29*p - 127. Let j be d(-8). Calculate the greatest common divisor of j and 298.
149
Let n(x) = 70*x**2 - 67*x + 4. Let q be n(2). Calculate the highest common factor of 19200 and q.
150
Let t be 430/6 + 2/6. Suppose 4 - 448 = -74*p. Suppose 5*g + p = 6*g - 3*y, g - 2*y = 7. What is the highest common divisor of g and t?
9
Let w = 4159 + -2262. What is the highest common divisor of 7 and w?
7
Let a(h) = 4*h**2 - 7*h + 8. Let m be a(8). Suppose 0 = -3*s + 26*o - 30*o + 56, 4*s - 70 = -3*o. What is the highest common factor of s and m?
16
Suppose -13*t + 479733 = -230686 + 74251. Calculate the greatest common divisor of t and 24.
24
Suppose 25*b - 5130 = -2*b. Let h = 201 - b. Calculate the highest common divisor of h and 33.
11
Suppose 64*u + 290*u - 39240 = 27*u. Suppose 3*r - 21 = -4*n, 9 = -r + 2*r + 2*n. Suppose r*p - 54 + 9 = 0. Calculate the greatest common factor of u and p.
15
Let g be 48/6 + -4 - (2 - 3). Suppose 3*o - 54 = -3*p, -3*p = -g*p + 2*o + 56. What is the highest common factor of 1 and p?
1
Let p(o) = -12*o + 465. Let d be p(8). What is the highest common divisor of d and 9?
9
Suppose 1445 = 7*r - 4*r - d, 4*r - 1926 = 2*d. What is the highest common divisor of 8 and r?
2
Let w = -5931 - -6498. Calculate the highest common factor of 4158 and w.
189
Let s = -1271 + 1276. Let l(p) be the second derivative of p**4/12 - 13*p**2/2 - p. Let j be l(s). What is the highest common divisor of j and 6?
6
Let a(p) = 7*p**2 + 238*p - 216. Let v be a(-35). Calculate the greatest common factor of v and 21547.
29
Let s = -716 - -1147. Suppose 0 = d - s + 427. What is the highest common factor of d and 16?
4
Let n(j) = 2*j**2 - 30*j + 28. Let y be (-33740)/(-77) - 2/44*4. Let d be y/27 - (-6)/(-27). Let q be n(d). Calculate the highest common factor of q and 80.
20
Let p(t) = -75*t - 3322. Let a be p(-66). What is the highest common divisor of a and 74?
74
Suppose 2*f - r = -15, 4*f - 5*r = 2*f - 27. Let b be (-154)/((f/(-7))/(-3)). Calculate the greatest common factor of 49 and b.
49
Let k = -4119 - -4130. What is the highest common factor of 88 and k?
11
Suppose 4*f - 1583 = -3*g, -10*f + 13*f - 1186 = -2*g. Let m = -9 + 65. What is the greatest common divisor of m and f?
56
Suppose 83*l - 81*l = 1280. What is the highest common factor of l and 192?
64
Let z be 0 + ((-6)/(-21) - (-15)/21). Let j be (z/2)/((-5)/10). Let h = j + 12. Calculate the greatest common factor of h and 121.
11
Let g = 65 - 241. Let q be g/(-10) + (-24)/40. Calculate the highest common divisor of 68 and q.
17
Let r(d) = d**2 - 6*d - 7. Let h be r(8). Let z be (-30)/h*-15 - (-8)/(-4). What is the highest common divisor of 112 and z?
16
Let i = 4877 + -4869. What is the highest common divisor of i and 6616?
8
Let d(f) = 28*f - 12. Let h be d(1). Let u be (-7)/((1/(-8))/(12/h)). What is the highest common factor of 336 and u?
42
Let d = -7044 - -7188. What is the greatest common factor of 6768 and d?
144
Let b = -7911 + 13742. Calculate the highest common factor of b and 119.
119
Suppose 0 = -71*h + 64*h + 8596. Suppose -h + 1128 = -5*c. Calculate the highest common factor of c and 340.
20
Let s(g) = -7*g**3 + 8*g**2 - 22*g - 222. Let k be s(-5). Calculate the greatest common divisor of k and 107.
107
Suppose 56*i - 1046 = -38. Suppose 2*q - 81 - 177 = m, -q = 3*m + 767. Let v = m + 400. Calculate the highest common divisor of i and v.
18
Let w(g) = 2*g**2 - 7*g - 15. Let p be w(7). Let b be (-663)/2*160/(-120). Calculate the highest common divisor of p and b.
34
Let t(l) = -25*l + 1718. Let h be t(68). What is the greatest common factor of h and 363?
3
Suppose -90 = -6*g - 0. Suppose -t = -3*s + 61, -5*s + 72 = 2*t - g. Suppose -2*p + s = -1. Calculate the highest common factor of p and 10.
10
Let c(t) = t**2 - 48*t - 3190. Let u be c(87). What is the greatest common divisor of 889 and u?
7
Let k = -437 + 447. Let g(u) = -4*u - 90. Let f be g(-25). Calculate the highest common factor of k and f.
10
Let h(f) = -175*f + 6. Let v be h(-4). Suppose 711*z - v*z = 495. Calculate the highest common factor of 11 and z.
11
Suppose -3*k - 4*c + 425 = 0, c + 345 = 4*k - 190. Let q = k - -250. Suppose 11*m - 16*m = -q. What is the highest common factor of m and 11?
11
Let p = -2 - -3. Let x be p + 14 + -2 - 0. Let n(u) = u**3 + 7*u**2 - 32*u + 158. Let q be n(-11). Calculate the highest common factor of x and q.
13
Let b be (1*5/(-15))/(2/(-18)). Suppose -5*q - 5 = -5*a, -5*q + 0*a = b*a - 35. Suppose -8 = -q*r + 208. What is the greatest common divisor of 6 and r?
6
Let k(x) = x**3 - x**2 - 2. Let w be k(2). Let b = -2037 - -2073. Suppose -3*g + b = -4*n, -2 + 22 = w*g - 4*n. What is the greatest common divisor of g and 80?
16
Suppose -2*t + 99 = r, t = -5*r - 23 + 518. Calculate the greatest common divisor of 3 and r.
3
Let c be 71/568 - 1102/(-16). Calculate the highest common divisor of 897 and c.
69
Suppose -2*g + 411 = 5*x - 6*g, 4*x = -7*g + 390. What is the greatest common divisor of x and 9628?
29
Suppose 2273*y + 16 = 2274*y. What is the highest common factor of y and 1056?
16
Let s = 50734 - 26097. Calculate the highest common factor of 71 and s.
71
Let f = 20803 + -20243. What is the greatest common divisor of 672 and f?
112
Suppose -4*o - 992 = -5*u, -5*o + 60 = u - 121. What is the greatest common factor of 14602 and u?
98
Let c(d) = 17*d - 77. Let k = -175 - -182. Let l be c(k). Let r be (-2 - -1)*14*-2. Calculate the greatest common divisor of r and l.
14
Let t(v) = 4*v**2 - 17*v + 3. Let r be t(5). Suppose -r*h + 793 = 91. Calculate the highest common factor of h and 3.
3
Suppose -51 = 3*g - 9. Let f be (-2178)/g + 108/(-189). What is the highest common factor of 5 and f?
5
Suppose -16 = 5*m + 5*f - 56, -2*m = 4*f - 20. Calculate the highest common divisor of m and 24654.
6
Suppose 0 = p + 2*p - 153. Let y = 510 - 507. Suppose 0*o = -5*o + 5*i + 80, y*i = -4*o + 71. Calculate the highest common factor of p and o.
17
Suppose d = -9*f + 5*f + 37, -2*f + 2*d + 26 = 0. Let c = -8 + f. What is the highest common factor of 14 and c?
2
Let j = 119 + -67. Suppose 5*b - 5*u - 30 = 0, -5*b + 7*b - 5*u = 18. What is the highest common divisor of b and j?
4
Let b be ((-135)/(-90))/(6/8). Suppose -b*x = -12*x + 2160. Calculate the highest common divisor of 168 and x.
24
Suppose -14*i + 2025 = 29*i + 32*i. Let s(g) = 10*g - 1. Let d be s(1). What is the highest common divisor of d and i?
9
Suppose -2*s + 25*l = 21*l + 6, -2*s - 4*l + 26 = 0. Calculate the greatest common factor of s and 285.
5
Let s = -174 + 264. Suppose -32*t - 216 = -44*t. Calculate the greatest common divisor of t and s.
18
Suppose -2*q + 87 = -99. Suppose 297 + q = m. Suppose -3*u = -m - 222. Calculate the highest common divisor of 12 and u.
12
Suppose 35*a + 5*h - 15 = 34*a, -4*a - 4*h + 124 = 0. What is the greatest common divisor of a and 77?
7
Suppose 0*c = 8*c + 5*c. Suppose -4*i - 6*m + 5*m + 52 = c, 2*m = -3*i + 44. Let h be ((-12)/10)/((-4)/10). Calculate the highest common divisor of h and i.
3
Let w(m) = -m**3 - 9*m**2 + 36*m + 15. Let o = 343 - 355. Let q be w(o). What is the highest common divisor of 5 and q?
5
Suppose 2*d = -4*